en 75 is divided by j?
10
Let z(o) = -o**2 + 5*o + 6*o - 3*o + 11. Let w be (8 - -2) + 16/(-8). Calculate the remainder when 19 is divided by z(w).
8
Suppose -3*t - 5*j + 5 = -1, -2*t + j + 4 = 0. Suppose 0 = -2*s - 3*q + 28, -t*q - 127 = -4*s - 39. Calculate the remainder when s is divided by 2/1*-1 - -13.
9
Let r(l) = -4*l - 4. Suppose 3*t = -t - 28. Let y(p) = -13*p**3. Calculate the remainder when r(t) is divided by y(-1).
11
Let g = -79 - -138. What is the remainder when g is divided by 30?
29
Calculate the remainder when 79 is divided by (30/9)/(2/12).
19
Let w(c) = 4*c + 14. Let t be w(-9). Let g = -11 - t. Suppose -25 = -f - x, -1 = 2*f - 5*x - 23. What is the remainder when f is divided by g?
10
Let h = -15 - -37. What is the remainder when 37 is divided by h?
15
Suppose -5*p - 4*g = -0*g - 51, -4*p + 5*g + 49 = 0. What is the remainder when 52 is divided by p?
8
Let u = 212 - 199. Suppose 2*x - 108 = -x. Calculate the remainder when x is divided by u.
10
Let n(o) = o + 3. Let b be n(3). Suppose -5*j - 4*m = -b, -m - 2 = -4*j + 7. Suppose j*c - 11 - 3 = 0. What is the remainder when 12 is divided by c?
5
Suppose -4 = 3*r - 5*p, -4*r + 5*p + 0 = 7. Let a be (4 + r)/((-2)/(-8)). What is the remainder when (-8)/12*(-66)/a is divided by 6?
5
Let a(h) = -h**2 + 3*h - 8. Let j(d) = -d**2 - 1. Let c(x) = a(x) - 2*j(x). Let p(t) = 2*t**2 - 2. What is the remainder when c(-7) is divided by p(2)?
4
Suppose 6 = -s - 1. Calculate the remainder when (1 + -3)*(s + 2) is divided by 2*-1 - (0 - 8).
4
Suppose 5*j + 25 = 2*s, -s + 10 = -4*s - 2*j. Suppose 3*m + 2*m - 70 = s. What is the remainder when 38 is divided by m?
10
Suppose 5*s + 5*z = 0, 0*s + 5*s + z = -20. Let q(f) = f**3 + 8*f**2 + 2*f - 3. What is the remainder when q(s) is divided by 16?
14
Suppose -i + 51 = 5*u - 0*u, 0 = -u - 4*i + 14. What is the remainder when 49 is divided by u?
9
Calculate the remainder when 4/(-32) - 2191/(-56) is divided by 2 - (7 + 2)*-2.
19
Let s(u) be the second derivative of u**4/3 + u**3/6 - 2*u**2 + 4*u. Let f(t) = -t**2 - 4. Let q be f(0). Calculate the remainder when s(q) is divided by 19.
18
Let o(u) = u**2 + 4*u. Let m be o(-3). Suppose 0*n - 21 = -3*n. Let l = n - m. What is the remainder when l is divided by 3?
1
Let x(s) = -3*s - 12. Calculate the remainder when 9 is divided by x(-6).
3
Suppose 5*d + 2*q = 2, 2*d = -3*d - 5*q - 10. Suppose -2*n - d*n + 60 = 0. Calculate the remainder when 41 is divided by n.
11
Let l(b) be the first derivative of -4*b**2 - 3*b - 3. Calculate the remainder when l(-2) is divided by 5.
3
Suppose 334 = 4*v + 2*c, -v - c + 3 = -80. Calculate the remainder when v is divided by 17.
16
Suppose 5*i + 81 + 74 = 4*f, -f - 5*i = -45. What is the remainder when 78 is divided by f?
38
Let r be (-16)/(-12) - (-1)/(-3). Calculate the remainder when 16 is divided by r + 1 - 6 - -13.
7
Let g(v) = -v**3 - 3*v**2 + 7*v + 5. Suppose -4*a + 5*m + 13 = 0, 21 - 6 = -3*m. Let n = -8 - a. What is the remainder when g(n) is divided by 11?
9
Let v(j) = 5*j + 45. Calculate the remainder when 46 is divided by v(-7).
6
Suppose -5*j - 2 = -47. Suppose 4*a = 5*a - 16. Calculate the remainder when a is divided by j.
7
Let r(y) = -4*y + 47. Calculate the remainder when r(0) is divided by (-2 - (-1 - 0))*-16.
15
Let p = 34 + 25. Calculate the remainder when p is divided by 12.
11
Calculate the remainder when (-3)/((-6 - -2)/16) is divided by (2 + -18)/(-2) + -1.
5
Suppose 5*k - 6 = -3*w, 4*k - 3 = -w + 6. What is the remainder when (5 - 110/15)*-3 is divided by k?
1
Let b(n) = -4*n - 1. Let k be b(-8). Suppose 3*i + 3 = 2*m - 11, 0 = -3*m + 2*i + k. What is the remainder when m is divided by 7?
6
Suppose 0 = q, 5*r - 32 = 4*q + 3. Suppose 2*a + f = 42, -a - 4*a - 2*f + 103 = 0. Calculate the remainder when a is divided by r.
5
Suppose 2*q = -t + 7*q + 17, -4*q - 8 = 0. Calculate the remainder when ((-20)/t)/(8/(-28)) is divided by 4.
2
Suppose 0 = 5*v - 219 + 144. What is the remainder when 50 is divided by v?
5
Let j = -6 - -18. Let q = j - 4. Suppose -4*w = -4*v + 36, 4*v - 56 = -3*w + 2*w. What is the remainder when v is divided by q?
5
Suppose -t - h - 2*h = -15, -t + 22 = -4*h. Calculate the remainder when t is divided by 11.
7
Suppose 3*g = -2*g. Suppose -2*x + 5*i + 1 = 0, g = i - 5. Calculate the remainder when x is divided by 7.
6
Let h(k) = -k**3 + 4*k**2 + 6*k + 7. What is the remainder when (17 - 20)/(2/(-14)) is divided by h(5)?
9
Let x = 1 - -3. Suppose 2*j - 44 = -x*c, 8*c = 3*c + 4*j + 29. What is the remainder when 25 is divided by c?
7
Suppose 9*h - 510 = 4*h. What is the remainder when h is divided by 35?
32
Let u(s) = 7*s - 1. Let i be u(-1). Let k = -12 - i. Let c(x) = -x - 1. Calculate the remainder when 7 is divided by c(k).
1
Let r be (7/(-4))/(4/16). Let u(i) = i**2 + 6*i - 4. What is the remainder when 4 is divided by u(r)?
1
What is the remainder when 114 is divided by ((-58)/(-10)*-2)/((-2)/5)?
27
Let s = -51 + 66. Let m(g) = -g**3 + 7*g**2 - 6*g + 7. What is the remainder when m(5) is divided by s?
12
Let f = -1 + 6. What is the remainder when 3/6*28/1 is divided by f?
4
Suppose -5 = -3*y - 32. Calculate the remainder when ((-258)/y)/(10/15) is divided by 11.
10
Let d(o) = o**2 + 10*o - 2. Suppose -5 = -3*k + 52. Calculate the remainder when d(-13) is divided by k.
18
Let k = 58 - 38. Let j = -13 + k. What is the remainder when 25 is divided by j?
4
Let z = -14 - -49. Let v be 4/(-5)*(-75)/6. Let g = 2 + v. What is the remainder when z is divided by g?
11
Suppose -3*p + 2*p = -4. Let w = -3 + 14. Suppose -d + 0*d + w = 0. What is the remainder when d is divided by p?
3
Suppose -7*g + 64 = 15. Calculate the remainder when 13 is divided by g.
6
Suppose -65 = -8*h + 3*h. Suppose z - 2 = 2. Suppose 0*s = -z*s - 2*b + 28, b - 9 = -s. What is the remainder when h is divided by s?
3
Let f = -6 - -8. Suppose -2*d + 0 = -f*i + 2, d + 4 = 2*i. What is the remainder when d is divided by (-2 - -1)/(-1*1)?
0
Suppose -d + 56 = 2*d + 5*p, 0 = 4*d + 5*p - 83. Calculate the remainder when d is divided by 10.
7
Suppose n + 3*n - 16 = 0. Let f = 3 + n. What is the remainder when f is divided by 3?
1
Suppose -2*a = 2*a - 12. Calculate the remainder when 6 is divided by a.
0
Suppose 4*l - 9*l + 105 = 0. Calculate the remainder when 188 is divided by l.
20
Suppose -3*q - y + 12 = 0, q + 4*y = 4*q - 27. Let f(r) = -2*r + r**3 + 12*r**2 + 4 + r + 4*r**2 - 3. Calculate the remainder when f(-16) is divided by q.
2
Suppose -m + 4 + 3 = 0. Calculate the remainder when 39 is divided by m.
4
Let k(p) = 23*p**2 + p - 1. Let h be (-1)/3 - (-41)/(-3). Let n = 22 + h. Calculate the remainder when k(1) is divided by n.
7
Let f = 10 + -7. Suppose -7*t - 4 + 11 = 0. Let v = f - t. Calculate the remainder when 3 is divided by v.
1
Let v = -62 + 64. What is the remainder when 6 is divided by v?
0
Suppose -8*n + 93 = 3*d - 3*n, -62 = -2*d + 4*n. Let v = d + -17. Calculate the remainder when v is divided by 5.
4
Let p(c) be the first derivative of -3*c**2/2 - 12*c + 1. What is the remainder when 35 is divided by p(-8)?
11
Suppose 2*v - o + 68 = 2*o, 2*v + 5*o = -36. Let x = v - -63. Let f = -14 - -26. Calculate the remainder when x is divided by f.
11
Let h = -2 + 17. What is the remainder when 59 is divided by h?
14
Suppose 127 = 5*s - u, 2*s = -3*s - 4*u + 117. What is the remainder when s is divided by 6?
1
Let x(z) be the second derivative of -z**5/20 - 5*z**4/6 + 7*z**3/6 + 13*z**2/2 + 9*z. Calculate the remainder when x(-11) is divided by 15.
12
Let a = 19 + -15. Suppose 15 = -5*g, -u - g = -4 - 3. Suppose 0 = -2*t + 2*h - 7*h + 32, 5*h - u = 0. What is the remainder when t is divided by a?
3
Suppose 5*y = y + 92. Suppose -5*m - y = -63. Calculate the remainder when 23 is divided by m.
7
Let n(o) = -o**3 + 2*o + 2. Suppose -16 = -s - z - 2*z, -4*s + 64 = -z. What is the remainder when s is divided by n(-2)?
4
Let w = -8 - -15. Let i = w - -2. Calculate the remainder when i is divided by 4.
1
Suppose -r - 2*r + 39 = 2*j, -29 = -2*j - 5*r. Let c = 40 - j. What is the remainder when 36 is divided by c?
10
Let d(g) = g**2 - 7*g + 4. Let c be d(7). Let f = 55 - 29. What is the remainder when f is divided by -35*(0 + c/(-10))?
12
Suppose 2*q - 9 = -q. Suppose 